{"id":25,"date":"2008-02-22T17:37:32","date_gmt":"2008-02-22T16:37:32","guid":{"rendered":"http:\/\/prabhata.org\/wp50\/?page_id=25"},"modified":"2020-11-02T03:22:29","modified_gmt":"2020-11-02T02:22:29","slug":"locais","status":"publish","type":"page","link":"https:\/\/prabhata.org\/wp50\/locais\/","title":{"rendered":"Locais"},"content":{"rendered":"<h2><a name=\"sedesjoao\"><\/a>Funchal &#8211; Sede de actividades (Rua das Cruzes)<\/h2>\n<p>O nosso espa\u00e7o de atividades no Funchal, a <em>Villa Ac\u00e1cia<\/em>, situa-se numa rua sem sa\u00edda (e sem nome), perpendicular \u00e0 Rua das Cruzes e paralela \u00e0 Rua de S\u00e3o Jo\u00e3o de Deus. A n\u00edvel de estacionamento est\u00e3o normalmente dispon\u00edveis muitos lugares no parque de estacionamento logo abaixo desta rua, que tem escadas que descem para a rua do Quebra Costas e outras escadas que sobem para a Rua das Cruzes, ficando a sa\u00edda destas escadas mesmo em frente \u00e0 rua onde est\u00e1 a Villa, cujo port\u00e3o de entrada (com uma plaquinha dourada com o nome da casa) fica ao cimo, no fim da rampa. O Mapa Google abaixo identifica claramente a localiza\u00e7\u00e3o da casa e se clicar na op\u00e7\u00e3o &#8220;Ver Mapa Maior&#8221; abre-se nova p\u00e1gina contendo \u00e0 esquerda uma foto do &#8220;Google Street View&#8221; que mostra a entrada da rua de acesso \u00e0 Villa Ac\u00e1cia.<br \/>\n<iframe loading=\"lazy\" src=\"https:\/\/www.google.com\/maps\/embed?pb=!1m18!1m12!1m3!1d3359.3418614326124!2d-16.91467602415255!3d32.65034573262968!2m3!1f0!2f0!3f0!3m2!1i1024!2i768!4f13.1!3m3!1m2!1s0xc605f2a110780d9%3A0x286491e04caaf891!2sAnanda+Marga+Yoga+Madeira!5e0!3m2!1sen!2spt!4v1541631234621\" width=\"600\" height=\"450\" frameborder=\"0\" style=\"border:0\" allowfullscreen><\/iframe><\/p>\n<h3>Morada<\/h3>\n<p>Rua das Cruzes, Villa Ac\u00e1cia, 9000-025, Funchal<\/p>\n","protected":false},"excerpt":{"rendered":"<p>Funchal &#8211; Sede de actividades (Rua das Cruzes) O nosso espa\u00e7o de atividades no Funchal, a Villa Ac\u00e1cia, situa-se numa rua sem sa\u00edda (e sem nome), perpendicular \u00e0 Rua das Cruzes e paralela \u00e0 Rua de S\u00e3o Jo\u00e3o de Deus. A n\u00edvel de estacionamento est\u00e3o normalmente dispon\u00edveis muitos lugares no parque de estacionamento logo abaixo&hellip;&nbsp;<a href=\"https:\/\/prabhata.org\/wp50\/locais\/\" class=\"\" rel=\"bookmark\">Ler mais &raquo;<span class=\"screen-reader-text\">Locais<\/span><\/a><\/p>\n","protected":false},"author":1,"featured_media":0,"parent":0,"menu_order":13,"comment_status":"closed","ping_status":"closed","template":"","meta":{"neve_meta_sidebar":"","neve_meta_container":"","neve_meta_enable_content_width":"","neve_meta_content_width":0,"neve_meta_title_alignment":"","neve_meta_author_avatar":"","neve_post_elements_order":"","neve_meta_disable_header":"","neve_meta_disable_footer":"","neve_meta_disable_title":"","_themeisle_gutenberg_block_has_review":false,"_ti_tpc_template_sync":false,"_ti_tpc_template_id":""},"_links":{"self":[{"href":"https:\/\/prabhata.org\/wp50\/wp-json\/wp\/v2\/pages\/25"}],"collection":[{"href":"https:\/\/prabhata.org\/wp50\/wp-json\/wp\/v2\/pages"}],"about":[{"href":"https:\/\/prabhata.org\/wp50\/wp-json\/wp\/v2\/types\/page"}],"author":[{"embeddable":true,"href":"https:\/\/prabhata.org\/wp50\/wp-json\/wp\/v2\/users\/1"}],"replies":[{"embeddable":true,"href":"https:\/\/prabhata.org\/wp50\/wp-json\/wp\/v2\/comments?post=25"}],"version-history":[{"count":50,"href":"https:\/\/prabhata.org\/wp50\/wp-json\/wp\/v2\/pages\/25\/revisions"}],"predecessor-version":[{"id":3056,"href":"https:\/\/prabhata.org\/wp50\/wp-json\/wp\/v2\/pages\/25\/revisions\/3056"}],"wp:attachment":[{"href":"https:\/\/prabhata.org\/wp50\/wp-json\/wp\/v2\/media?parent=25"}],"curies":[{"name":"wp","href":"https:\/\/api.w.org\/{rel}","templated":true}]}}